3?
8
What is the remainder when 625345 is divided by 550?
545
What is the remainder when 888484 is divided by 19?
6
What is the remainder when 3545 is divided by 22?
3
Calculate the remainder when 110711 is divided by 305.
301
Calculate the remainder when 12583 is divided by 4037.
472
What is the remainder when 301755 is divided by 57?
54
Calculate the remainder when 157081 is divided by 34.
1
What is the remainder when 19964 is divided by 1365?
854
What is the remainder when 24868 is divided by 4057?
526
Calculate the remainder when 81379 is divided by 411.
1
Calculate the remainder when 6034 is divided by 321.
256
Calculate the remainder when 1374 is divided by 1120.
254
What is the remainder when 5100 is divided by 81?
78
What is the remainder when 21743 is divided by 5209?
907
What is the remainder when 8411 is divided by 2791?
38
Calculate the remainder when 145931 is divided by 240.
11
Calculate the remainder when 814 is divided by 326.
162
Calculate the remainder when 3659 is divided by 126.
5
What is the remainder when 184386 is divided by 289?
4
What is the remainder when 73141 is divided by 36567?
7
Calculate the remainder when 7690 is divided by 1269.
76
What is the remainder when 32268 is divided by 1241?
2
Calculate the remainder when 7980 is divided by 7955.
25
What is the remainder when 23158 is divided by 6?
4
What is the remainder when 1510 is divided by 499?
13
What is the remainder when 28097 is divided by 1113?
272
What is the remainder when 6292 is divided by 2090?
22
Calculate the remainder when 29217 is divided by 14.
13
What is the remainder when 26754 is divided by 6?
0
Calculate the remainder when 728 is divided by 618.
110
What is the remainder when 10166 is divided by 35?
16
Calculate the remainder when 32142 is divided by 41.
39
What is the remainder when 688 is divided by 75?
13
What is the remainder when 189996 is divided by 268?
252
What is the remainder when 864 is divided by 170?
14
What is the remainder when 1187610 is divided by 29?
2
What is the remainder when 84894 is divided by 2121?
54
Calculate the remainder when 2081 is divided by 840.
401
What is the remainder when 198549 is divided by 128?
21
Calculate the remainder when 2353 is divided by 405.
328
Calculate the remainder when 118652 is divided by 9127.
1
Calculate the remainder when 169199 is divided by 42288.
47
Calculate the remainder when 333 is divided by 136.
61
Calculate the remainder when 760 is divided by 215.
115
What is the remainder when 3584503 is divided by 56?
55
Calculate the remainder when 483699 is divided by 25.
24
What is the remainder when 523411 is divided by 29077?
25
What is the remainder when 2017 is divided by 1319?
698
Calculate the remainder when 219121 is divided by 392.
385
What is the remainder when 4565 is divided by 162?
29
Calculate the remainder when 110410 is divided by 51.
46
Calculate the remainder when 5166 is divided by 43.
6
What is the remainder when 289283 is divided by 8508?
11
What is the remainder when 108198 is divided by 203?
202
Calculate the remainder when 246784 is divided by 46.
40
What is the remainder when 2102 is divided by 2093?
9
Calculate the remainder when 9963 is divided by 188.
187
Calculate the remainder when 147872 is divided by 50.
22
Calculate the remainder when 2660 is divided by 820.
200
Calculate the remainder when 190435 is divided by 63434.
133
What is the remainder when 1294966 is divided by 12?
10
Calculate the remainder when 1406 is divided by 765.
641
Calculate the remainder when 366559 is divided by 216.
7
Calculate the remainder when 6569 is divided by 1094.
5
What is the remainder when 4351 is divided by 16?
15
What is the remainder when 6920 is divided by 2125?
545
What is the remainder when 134684 is divided by 22?
0
Calculate the remainder when 688984 is divided by 26.
10
What is the remainder when 84595 is divided by 163?
161
Calculate the remainder when 38131 is divided by 125.
6
Calculate the remainder when 2604149 is divided by 225.
224
Calculate the remainder when 391 is divided by 186.
19
Calculate the remainder when 32549 is divided by 15668.
1213
What is the remainder when 122499 is divided by 247?
234
Calculate the remainder when 447525 is divided by 12.
9
Calculate the remainder when 8559 is divided by 32.
15
Calculate the remainder when 72694 is divided by 104.
102
What is the remainder when 10033 is divided by 254?
127
What is the remainder when 720094 is divided by 208?
206
What is the remainder when 105625 is divided by 21?
16
What is the remainder when 44087 is divided by 2920?
287
What is the remainder when 9546 is divided by 134?
32
What is the remainder when 429 is divided by 27?
24
What is the remainder when 41972 is divided by 259?
14
What is the remainder when 4556 is divided by 1125?
56
Calculate the remainder when 156722 is divided by 1328.
18
What is the remainder when 88035 is divided by 14671?
9
Calculate the remainder when 7366869 is divided by 1015.
1014
Calculate the remainder when 5124 is divided by 1695.
39
Calculate the remainder when 2610 is divided by 110.
80
Calculate the remainder when 215215 is divided by 32.
15
What is the remainder when 59382 is divided by 4947?
18
What is the remainder when 37487 is divided by 2?
1
What is the remainder when 364817 is divided by 3648?
17
What is the remainder when 4482 is divided by 323?
283
Calculate the remainder when 1977 is divided by 232.
121
Calculate the remainder when 88824 is divided by 9865.
39
What is the remainder when 1649338 is divided by 340?
338
What is the remainder when 12482 is divided by 223?
217
What is the remainder when 254698 is divided by 322?
318
Calculate the remainder when 3176838 is divided by 17.
14
Calculate the remainder when 15392 is divided by 173.
168
Calculate the remainder when 1042 is divided by 516.
10
Calculate the remainder when 6603 is divided by 302.
261
What is the remainder when 1506 is divided by 11?
10
Calculate the remainder when 69888 is divided by 237.
210
Calculate the remainder when 108762 is divided by 149.
141
What is the remainder when 2702 is divided by 210?
182
What is the remainder when 1924 is divided by 920?
84
What is the remainder when 36960 is divided by 8?
0
What is the remainder when 3389 is divided by 660?
89
What is the remainder when 1770 is divided by 252?
6
Calculate the remainder when 788695 is divided by 34.
31
What is the remainder when 4179 is divided by 8?
3
Calculate the remainder when 763929 is divided by 79.
78
What is the remainder when 4510 is divided by 146?
130
Calculate the remainder when 27129 is divided by 34.
31
What is the remainder when 1725 is divided by 835?
55
What is the remainder when 1155 is divided by 486?
183
Calculate the remainder when 169285 is divided by 90.
85
Calculate the remainder when 2190913 is divided by 31.
19
Calculate the remainder when 12912 is divided by 85.
77
What is the remainder when 5171 is divided by 227?
177
What is the remainder when 7480 is divided by 144?
136
What is the remainder when 473 is divided by 28?
25
Calculate the remainder when 312776 is divided by 163.
142
Calculate the remainder when 224040 is divided by 91.
89
Calculate the remainder when 56298 is divided by 4.
2
Calculate the remainder when 1081713 is divided by 90.
3
Calculate the remainder when 643 is divided by 31.
23
Calculate the remainder when 31991 is divided by 1336.
1263
What is the remainder when 4519 is divided by 173?
21
What is the remainder when 6041 is divided by 2834?
373
What is the remainder when 45716 is divided by 538?
524
Calculate the remainder when 2114 is divided by 357.
329
Calculate the remainder when 90434 is divided by 1746.
1388
What is the remainder when 25939 is divided by 5?
4
What is the remainder when 23358 is divided by 205?
193
What is the remainder when 22870 is divided by 7623?
1
Calculate the remainder when 4937794 is divided by 76.
74
What is the remainder when 13405 is divided by 66?
7
What is the remainder when 2609 is divided by 2439?
170
What is the remainder when 1719 is divided by 859?
1
Calculate the remainder when 1105862 is divided by 47.
46
What is the remainder when 4751 is divided by 1345?
716
Calculate the remainder when 536 is divided by 134.
0
What is the 